5 + 18.
9
What is 3 + 1 + (4 - 10 - -1)?
-1
What is -5 + (-8 - (3 + -12))?
-4
Calculate -5 + (-11 + 5 - -5 - -2).
-4
8 + -2 + 3 + 15 + -20
4
What is 2 + (5 - 17) - -1?
-9
What is -7 + -2 + -2 + 9?
-2
Evaluate -16 - -12 - (-1 - -3).
-6
What is 3 + 1 - (10 + -4)?
-2
What is the value of (1 - (-5 - -3) - 4) + 3?
2
What is (14 - 11) + -5 + 0?
-2
Evaluate 5 + (-9 + 0 - 0).
-4
Evaluate 18 - 24 - (-8 - -2).
0
What is the value of -12 - (-17 + 11 - 0)?
-6
What is 3 - (-6 + 1 - -3)?
5
What is -3 - ((-5 - -1) + 6)?
-5
What is 1 + 0 + (14 - 13)?
2
8 + 1 - (1 + 2)
6
What is the value of 4 + -1 + -1 + 0?
2
What is -1 - (2 - -9 - 6)?
-6
2 + 6 + 5 + -10
3
Calculate 5 - (-2 - 2 - (-9 - 4)).
-4
0 - (28 + -28 - (-1 - -1))
0
What is (4 - 21) + 25 + -13 + 0?
-5
-11 + 4 + 13 + -11
-5
Evaluate 3 + -1 + (-4 - 1).
-3
What is the value of -5 + 2 - (-1 + -4 + 3)?
-1
What is the value of 3 + 2 - (-11 - -11)?
5
(1 - -6) + (-9 - -8)
6
Evaluate -3 + 5 + -6 + (-3 - -6).
-1
Calculate -2 + -1 - ((-6 - 9) + 5).
7
-5 + 2 - (-2 + (4 - 6))
1
7 - (-5 + (2 - -12) + -4)
2
Calculate -4 + -14 + 10 + (-2 - -8).
-2
What is 3 - (9 - 3) - -4?
1
What is -6 - -1 - (-5 + -2)?
2
3 + -1 + -4 - (-3 + 2)
-1
What is 6 + -7 + -8 + 9?
0
Calculate 5 + 20 + -2 + -13.
10
What is (0 - 5) + (31 - 22)?
4
(0 - 3) + -4 + (-10 - -17)
0
What is the value of 4 + 9 + (20 - 23)?
10
Calculate (0 - 6) + 10 + 0.
4
Evaluate (-2 - 0 - 2) + (-20 - -19).
-5
Evaluate -2 + (2 - 2) + -3 + 6.
1
What is the value of 5 + 2 + (19 - 30)?
-4
What is 32 - 42 - (-1 + -4)?
-5
What is the value of -1 - (4 + -1 - 6)?
2
What is the value of 87 + -78 - (9 + 1)?
-1
What is 1 + -4 - (1 - 3 - 3)?
2
What is the value of -8 - (-8 + 2 + 2)?
-4
Evaluate (-4 - (3 + -12)) + -1 - 6.
-2
What is (2 - 5) + (10 - 19 - -16)?
4
0 + 7 + (8 - 10)
5
What is (-34 - -43) + -9 + 2 - -1?
3
Evaluate 4 - 1 - (49 + -45).
-1
What is the value of (0 - -1) + (-7 - -3) + 6?
3
Calculate 1 + -2 + 0 + (2 - 5).
-4
Evaluate 16 + (-40 - -19) + (1 - 5).
-9
Calculate -3 - (-2 - -12 - 13).
0
Evaluate (-1 - -12) + 145 + -151.
5
Evaluate 0 + 0 - (-2 + -3 + 4).
1
Calculate 10 - -5 - (3 + 4 + 0).
8
Evaluate (10 - 2) + -4 - 7.
-3
(1 - (1 - 0)) + 9 + -14
-5
Evaluate 4 + -3 + 0 + -2.
-1
2 - (7 - 6 - -4)
-3
Evaluate -3 + 11 + -7 + -4.
-3
What is the value of -4 + (-4 - 1) + 4 + 7?
2
What is the value of -2 - -7 - (-7 + 6) - 2?
4
What is the value of (-2 - 2) + (3 - -3)?
2
Calculate (-6 - 0) + (-9 - -19) + -4.
0
Evaluate 2 - ((13 - 12) + (1 - -1)).
-1
Calculate 105 + -102 + 0 + -7.
-4
3 + -5 + 5 + 2
5
What is (-33 - -23) + 2 + 5?
-3
What is -3 - (7 + (-6 - -4) + -8)?
0
Calculate 2 + (-8 - -3) + 7.
4
What is the value of 0 - (-7 + -7 + 11) - 4?
-1
What is the value of -13 - -13 - (2 + -3)?
1
What is 0 + 2 - (9 - (1 - -3))?
-3
Calculate -5 + 0 - (-3 - -1) - 0.
-3
Calculate (13 - 7) + -1 + 3.
8
Evaluate -12 + (-2 - -9 - 6).
-11
Calculate (-1 - -1) + (33 - 34).
-1
Calculate 10 - 7 - (-1 + 8).
-4
Evaluate -2 + 7 + -3 + -1.
1
What is the value of 3 + 0 - (12 + -6 - 6)?
3
Evaluate -16 + 21 - (2 + 4 + -1).
0
What is 10 + -3 + -4 + 1?
4
4 + (9 + -5 - 5)
3
What is 1 - ((-3 - 3) + 3)?
4
What is (-1 - -1) + 2 + -3?
-1
Evaluate -30 + 24 - (-8 - 2).
4
6 + -4 + 0 + (-1 - -1)
2
(3 - 5) + (-2 - (-9 + 1))
4
-1 + 11 + -6 + (1 - 3)
2
What is -2 - (-1 + (-3 + 4 - 3))?
1
What is 2 - 2 - 5 - (82 + -88)?
1
Evaluate (6 - 3) + (-4 - (-3 + 0)).
2
Calculate (-4 - -4) + (14 - 9).
5
(1 - 1) + (-2 - -3)
1
-4 + -1 + -3 + 10
2
What is (-2 - -9) + (-3 - 0)?
4
What is the value of 11 - ((4 - -11) + -7)?
3
What is 4 + -3 + -4 - (-5 + 2)?
0
0 + 3 - (2 + 1 - 3)
3
Evaluate (7 - 2) + (-2 - -2) + -2.
3
Evaluate 1 - (3 - (7 + -4)) - -2.
3
(4 - 1) + -4 + -5 + 5
-1
(1 - -4) + 4 + (-1 - 4)
4
What is the value of -3 - -1 - (3 - 5)?
0
What is -19 - -15 - -7 - (1 + 4)?
-2
Evaluate (-5 - -4) + 3 - 4.
-2
What is -2 - 4 - (6 - (-7 + 14))?
-5
What is -1 + 6 + (3 - 4 - -1)?
5
Evaluate 4 + (-7 - -4) + 4.
5
Evaluate (-1 - (-5 + 4)) + 2 + 1.
3
Evaluate -7 + 16 - (3 + 1).
5
-2 + (5 - 1 - 2) + -1
-1
What is 1 + (0 - 2) + 5 - 2?
2
Calculate -5 + 2 + 5 - 6.
-4
What is the value of 5 - ((2 - 2) + (10 - 8))?
3
Calculate 1 + -3 + -1 + 8.
5
What is 2 + 3 - (-5 - -3)?
7
(2 - -1 - 3) + 4
4
Evaluate -4 - -2 - (-7 + 6).
-1
Calculate (-6 - (-2 + -8)) + -4.
0
-8 + 2 + (9 - (-8 + 14))
-3
What is (2 - 2) + 0 - 5?
-5
Evaluate (3 - 2) + -7 + 1 + 3.
-2
(-5 - (2 + -6)) + 1
0
Evaluate -7 - (-4 - (-3 - 2)).
-8
What is the value of -17 + 13 - (2 + -2 - 2)?
-2
What is (1 - -3) + (0 - 4)?
0
Evaluate 1 - (3 + 0) - -2.
0
Evaluate -1 - (-4 + 0 + 1).
2
Calculate -1 - (1 + -4) - (-11 - -12).
1
-7 + 0 + 3 + -1
-5
What is -1 - -4 - 3 - 1?
-1
-8 - (-3 + -1 - 4)
0
0 - 8 - 0 - -12
4
Calculate 15 - 10 - (4 + 6).
-5
What is 4 + -2 - (-2 + 9)?
-5
What is the value of 1 - 0 - (9 - 7)?
-1
Evaluate (-4 - -6) + 0 - -1.
3
-4 + -3 + 4 - 0 - 1
-4
What is 4 - (0 - -2 - 0)?
2
Evaluate (-2 - -7) + (0 - 2 - 0).
3
Calculate -1 - ((-6 - -3) + -2).
4
(-4 + 0 - 1) + (3 - 1)
-3
What is 13 + -8 - (4 + 11)?
-10
2 + ((3 - 5) + 1 - 4)
-3
Calculate -7 + 11 + -8 + 6.
2
Calculate 5 - 0 - 5 - (0 - -2).
-2
Evaluate 8 - 2 - (1 - -2) - -2.
5
Evaluate 2 + -9 + 6 + (-1 - -4).
2
-9 + -3 + 5 - -6
-1
What is 2 - 5 - ((-1 - 0) + 0)?
-2
What is the value of 7 + -5 + -13 + 9?
-2
Calculate 9 + -1 + -6 + -2.
0
Evaluate -8 + 5 + -2 + (4 - 2).
-3
-5 - (-14 + (6 - 1)) - 9
-5
What is the value of -2 + (-3 - 1) - (3 + -5)?
-4
Calculate -4 + (-5 - (-3 + (-13 - -7))).
0
What is 8 + -13 - (0 + -2)?
-3
Calculate (-2 - -1) + (-1 - 5) + 9.
2
What is the value of 2 - (3 + (-10 - -4) - -5)?
0
Calculate 2 - (29 + -26 + -1 + 0).
0
Calculate 1 + (-4 - -12) + -5 + 1.
5
Calculate 1 + -3 + (17 - (12 - 2)).
5
What is (-4 - (2 + -2)) + 0?
-4
What is 12 - (8 + 5) - 7?
-8
What is the value of (7 - 12) + 24 + -11?
8
Evaluate (-13 - (5 - 9)) + 6 - -2.
-1
Calculate 11 + 1 - (54 + -40).
-2
What is the value of 0 + (-2 - -3) + 4?
5
What is 6 - (2 + (7 - 1) + -3)?
1
What is (1 - 4) + (72 - 77)?
-8
What is the value of 0 + 1 + (-7 - -10) + -4?
0
What is 1 - 1 - 1 - (-43 - -38)?
4
Calculate -1 + (0 + 0 - 4 - -1).
-4
Evaluate -6 - (-15 + (3 - -1)).
5
Calculate -5 + 23 + -6 + -4 + 1.
9
-16 - (0 + -3) - (-1 + -5)
-7
What is the value of (-5 + 8 - 1) + 0?
2
-8 + 2 + (-7 - -8)
-5
Calculate (103 - 113) + (-1 - -5).
-6
Evaluate (-10 - (-7 + 6)) + 10.
1
-19 + 5 + 4 + 14
4
Calculate (2 - (-4 - -2)) + -1.
3
Calculate 4 + -1 + 1 + 2 + 0.
6
What is 8 - (5 + (6 - (5 + -1)))?
1
(25 - 6) + -9 + 2 + -5
7
Evaluate -3 - (8 + -6) - -10.
5
What is the value of (5 - (4 - (-1 + 5))) + -1?
4
Evaluate 3 - (5 + 4 + -13).
7
Calculate -3 - (2 + -2 + -3).
0
-1 - (-3 - (-5 - 3 - -2))
-4
Evaluate -7 + 8 - (5 - 3).
-1
What is -2 - (5 - (-2 - -9))?
0
What is (9 - -1) + (-62 - -55)?
3
What is 5 + -3 + -5 + 10 + 0?
7
(-16 - -3) + 15 - 10
-8
Evaluate 21 + (11 - 20) - 6.
6
Calculate (6 - (4 + -5 - 0)) + -4.
3
What is the value of 1 + 0 - (6 + -6)?
1
Calculate (0 - 4) + (-2 - (4 + -9)).
-1
What is 3 + 0 + 3 + -1?
5
What is the value of 1 + -9 + (9 - 5 - -1)?
-3
2 + (0 - 4) + -2
-4
(1 - (0 - -4)) + 4 + 0
1
What is the value of (11 - 11 - (5 + -2)) + -2?
-5
What is the value of 3 + -8 + 2 - -9?
6
-8 - (2 + -4) - (35 + -36)
-5
What is the value of 3 - (3 + (1 - (1 - 0)))?
0
(-3 - 1 - 2) + 11 + -3
2
What is the value of (13 - (3 + 9)) + 1 + -6?
-4
Calculate -4 + (-7 + 6 + 1 - -10).
6
What is the value of 5 + -4 + 0 - 1?
0
Evaluate -12 - (3 + 0 - 11).
-4
Evaluate -6 + (-5 - (-4 - 0)) - -5.
-2
Calculate (4 - -1) + 0 + 1.
6
What is the value of -5 + 0 + -24 + 26 - -4?
1
Calculate -2 + 3 + 0 - 4.
-3
Calculate 21 + -19 + 1 + -1 + -6.
-4
1 + -3 + (21 - 16)
3
What is the value of (-1 - 8) + 17 + -11?
-3
What is 0 - (1 - -2 - (34 - 27))?
4
2 + (17 - 11) + -7
1
Calculate 3 + -2 - (-13 + 10).
4
What is 9 - (4 - 1) - 2?
4
What is the value of 1 + -12 + (59 - 50)?
-2
What is the value of -4 + (-5 - (4 + -18))?
5
What is the value of 2 - (-3 + 0 - -7)?
-2
What is 3 + -1 + 3 + -3?
2
What is the value of -7 - (0 + -3 + -8)?
4
-6 - (-3 + -9) - 10
-4
Evaluate (26 - 34) + (1 - -9).
2
Calculate -14 - (-10 - -2) - -6.
0
Calculate 4 + -3 - ((-5 - -1) + 6).
-1
-1 - (-1 + -8 + 3)
5
What is -4 + 0 + (14 - 2)?
8
What is 0 - 8 - (-5 + 1)?
-4
Evaluate (0 + -1 - -1) + -5 + 5.
0
Calculate (57 - 60) + (-